-2 + (-3 - (-10)/(-5)) is divided by 144.
125
Suppose 0 = -3*w + 5*w + 4*o - 14, 4*o = 20. What is the remainder when ((-130)/(-15))/2*15 is divided by (67 - 16)*(-1)/w?
14
Let t(a) be the third derivative of a**6/120 - a**4/8 + 175*a**2. Calculate the remainder when 215 is divided by t(3).
17
Let t(j) = 2*j**2 - 56*j + 11. Calculate the remainder when 471 is divided by t(29).
57
Let a = -3322 - -6157. What is the remainder when a is divided by 178?
165
Let x(r) = 14*r + 211. What is the remainder when 510 is divided by x(-9)?
0
Suppose -28*k + 192 = -40*k. Let j(m) = m**2 + 10*m + 30. Calculate the remainder when j(k) is divided by 34.
24
Let w be 39/91 - (-1306)/7. Suppose 177*d + 30 = w*d. Calculate the remainder when 14 is divided by d.
2
Suppose 0 = -111*i + 3849 + 702. Calculate the remainder when 3643 is divided by i.
35
Suppose 0 = 27*v + 4*v - 16540 - 86597. Calculate the remainder when v is divided by 196.
191
Let s = -302 - -844. What is the remainder when s is divided by 34?
32
Suppose 18*k - 8540 - 17020 = -2*k. Calculate the remainder when k is divided by 404.
66
Let k(x) = 561*x - 2250. What is the remainder when k(5) is divided by 82?
63
Let r be (-8)/48 - ((-245)/30)/7. Let w be ((-12)/15)/((-2)/5). Calculate the remainder when 68 is divided by 0 - (r - 37)/w.
14
Suppose 140*h - 130*h - 2440 = 0. Suppose 5*b + 87 - 397 = 0. What is the remainder when h is divided by b?
58
What is the remainder when 995 is divided by (-30)/72*3*2*-40?
95
Suppose 11046*v - 1920 = 11036*v. Calculate the remainder when v is divided by 79.
34
Suppose -17*r + 8*r = 4*r - 507. Let u(b) = -6*b - 1. Let k(h) = -18*h - 4. Let j(i) = -3*k(i) + 10*u(i). What is the remainder when r is divided by j(-3)?
19
Let r = 953 - 1347. Let k = 410 + r. Calculate the remainder when k is divided by (-19)/(-5) - (-2)/10.
0
Let m(i) = -224*i**2 + 695*i + 13. What is the remainder when 150 is divided by m(3)?
68
Let r = 2643 + -2572. What is the remainder when r is divided by 31?
9
Let j(c) = -2*c**2 + 28*c + 46. Calculate the remainder when j(13) is divided by 20.
12
Let u be (-5663)/7 + (-2)/((-4)/(-2)). Let k = 864 + u. Calculate the remainder when k is divided by 8.
6
Let h(p) = 206*p - 10247. What is the remainder when h(99) is divided by 70?
67
Let s = -7992 - -10060. Calculate the remainder when s is divided by 108.
16
Suppose -4*i - i + 4*g + 55 = 0, -65 = -3*i - 4*g. Let v be -547 + (-2)/(3*1/(-3)). Let p = v + 617. Calculate the remainder when p is divided by i.
12
Suppose 17 - 402 = -5*q + 6*a, 5*a = -50. Let c = 90 - -37. Calculate the remainder when c is divided by q.
62
What is the remainder when 115 - ((-40)/16*6 + 7) is divided by 117?
6
Suppose 4*q - 18082 = -3*r, 4*r - 3*q - 8648 - 15478 = 0. Calculate the remainder when r is divided by 104.
102
Let u(p) = p**3 - 19*p**2 + 20*p - 38. Let n be u(18). Let f be n - (1572/15)/((-1)/5). Let s = 753 - f. Calculate the remainder when s is divided by 18.
15
Suppose -4*c + 1399 = a - 1881, -2*c + 1668 = 4*a. Calculate the remainder when c is divided by 92.
82
Suppose 3*s = -3*s + 318. Suppose -5*i - 4*l + 555 = 0, -48*i - 4*l - 135 = -49*i. What is the remainder when i is divided by s?
9
Suppose -9366*q = -9380*q + 1428. Calculate the remainder when 14582 is divided by q.
98
Let o = 184 + -178. Calculate the remainder when 47 is divided by 0 + 50/3 - (-2)/o.
13
Let v(c) = 4*c - 109. Let j be v(28). Suppose 4*h + 63 = 4*f + j*h, -3*f + 54 = -3*h. Calculate the remainder when 57 is divided by f.
12
Let x = -2 + 5. Suppose -y - x*q = -13, 0 = -2*y + 5*y - q - 79. Suppose -115960 + 115885 = -5*d. What is the remainder when y is divided by d?
10
Let h = -229 + 212. Let i(g) = -8*g + 39. Calculate the remainder when i(h) is divided by 59.
57
Suppose a - 33 = -2*q, -q = -3*a + 7*a - 20. Let j = -698 - -791. What is the remainder when j is divided by q?
13
Let p(j) = j**3 - 36*j**2 - 351*j + 7. What is the remainder when 1833 is divided by p(44)?
48
Let i(t) = 71*t**2 - 25*t + 86. What is the remainder when i(5) is divided by 11?
9
Calculate the remainder when 444/1 - (-17 - -3)/(-14) is divided by 13.
1
What is the remainder when 1199 is divided by 61 - (-110)/(-66)*-3?
11
Suppose -d = 3, 2*d + 3 = -0*i - i. Suppose -q + 450 = 4*n + 169, -i*n + 3*q + 207 = 0. What is the remainder when 276 is divided by n?
66
What is the remainder when 36 + 1332/(-36) - (-18427 + -1) is divided by 17?
16
Let j = 5972 + -5898. Calculate the remainder when 7398 is divided by j.
72
Let w be 5*1/((-14)/3 + 3). What is the remainder when 43 is divided by (w/(-9))/((-2)/198*-3)?
10
Suppose -19364 = -7*z - 153*z - 46*z. What is the remainder when z is divided by 73?
21
Let l = -8362 + 8451. What is the remainder when 575 is divided by l?
41
Suppose -3*l = 3*l - 30. Suppose 0 = 3*x + 2*a - 64, -4*a - 12 = 4*x - l*x. What is the remainder when 76 is divided by x?
16
Let q be ((-216)/(-21))/(-3 - 132/(-42)). Suppose 65*c - q*c = -161. What is the remainder when 84 is divided by c?
15
Let j(z) = 21*z + 266. What is the remainder when 365 is divided by j(-4)?
1
Let n = -246 - -360. What is the remainder when 1934 is divided by n?
110
Suppose -14760 = -18*p + 17208. Calculate the remainder when p is divided by 162.
156
Let y = 715 + -401. Suppose y*t = 308*t + 48. What is the remainder when 15 is divided by t?
7
Let m = 3087 - 2395. Calculate the remainder when m is divided by 103.
74
Let b(y) = -y**3 + 3*y**3 - 3*y**2 + 2*y + 8 - 6*y**2 + 2*y. Calculate the remainder when 30 is divided by b(4).
6
Let i = 69 + -59. Let c(h) = -8*h - 3. Let k(w) = 1. Let g(n) = c(n) + 4*k(n). Calculate the remainder when g(-2) is divided by i.
7
Let w = -18 + 23. Let i be w/(-1)*(-28)/35. Suppose 2*g = -4*n + 42, i*n - 3*g = -2 + 59. Calculate the remainder when 34 is divided by n.
10
Suppose 0*h - 3*i = -3*h + 9, 6 = 4*h + 2*i. Suppose -j = -4*x - 38, 4*j + h*x - 80 = -j. Calculate the remainder when j is divided by 8.
2
Suppose -2*s + 15*t - 12*t - 15 = 0, 5*s = -5*t + 25. Suppose -3*a + 9*o + 68 = 14*o, -5*a - 4*o + 122 = s. What is the remainder when a is divided by 11?
4
Suppose 0 = -19*b + 3*b + 48. Suppose 0 = -b*x + 7*x - 84. Calculate the remainder when 225 is divided by x.
15
Let b(r) = 6*r - 22. Let a be b(3). Calculate the remainder when -10*(-24)/(2 - a) is divided by 12.
4
Let z(w) = w**3 + 81*w**2 + 691*w. Calculate the remainder when z(-14) is divided by 431.
10
Let w(k) = -k**2 + 7*k - 37. Let q be w(6). Let o = 332 - q. What is the remainder when o is divided by 73?
71
Let b = 437 + -278. Suppose 3*c = -3*z + b, 0*z = 2*c + 4*z - 116. Calculate the remainder when c is divided by 17.
14
Suppose -4*g - 4*z = 3320, 34*z = g + 39*z + 814. Let m = -717 - g. What is the remainder when m is divided by 17?
15
Let i(g) = -92*g - 1. Let p = 167204 + -167188. What is the remainder when i(-4) is divided by p?
15
Let a(f) = -11*f - 53. Let x(m) = 4*m**2 + 30*m + 9. Let r be x(-7). What is the remainder when 8 is divided by a(r)?
0
Let j = 2216 + -1915. What is the remainder when j is divided by 17?
12
Suppose -4*a - 119 = 2*s - 141, 4 = -4*s. Calculate the remainder when 242/11 - (-1 - 0) is divided by a.
5
Suppose -a + 1061 = 4*a - 3*n, 2*n - 629 = -3*a. Suppose 0 = -5*t + 3*i + a, 3*t - 4*i + 0*i = 131. Calculate the remainder when 111 is divided by t.
29
Suppose -2*t = 3*t - 70. Let a = 751 + -746. Calculate the remainder when (-212)/(a + -10 + 1) is divided by t.
11
Let r = -7823 + 8045. Calculate the remainder when 798 is divided by r.
132
Suppose 2*x + 400 = 3*q - 2*q, 2*q = -x - 200. What is the remainder when 2 + -1 + x/(-4) is divided by (-39)/(-2) - (-81)/(-54)?
15
Let m be 2826/21 + 64/(-112). Suppose m + 568 = 13*r. Calculate the remainder when 107 is divided by r.
53
Suppose -76*c + 44424 = -128*c + 76*c. What is the remainder when c is divided by 31?
22
Suppose -421 = -42*w + 1196 - 231. What is the remainder when 140 is divided by w?
8
Let f = -4047 + 4144. Calculate the remainder when 780 is divided by f.
4
Suppose 30*g + 1907040 = 1907940. Let z = 125 + 77. What is the remainder when z is divided by g?
22
Suppose -740 = 3*f - 23*f. Suppose 5*m - 2*x - 18 - 152 = 0, -m + x = -f. Calculate the remainder when 542 is divided by m.
30
Let a = 6